{"id":1308,"date":"2019-03-23T10:52:05","date_gmt":"2019-03-23T10:52:05","guid":{"rendered":"http:\/\/porabik.pl\/komitet\/?page_id=1308"},"modified":"2022-07-08T10:01:12","modified_gmt":"2022-07-08T10:01:12","slug":"oom-2019","status":"publish","type":"page","link":"http:\/\/porabik.pl\/komitet\/?page_id=1308","title":{"rendered":"OOM 2022"},"content":{"rendered":"<p>Kwalifikacje do OOM\u00a0 \u00a0 \u00a0 \u00a0 \u00a0 aktualizacja 28.06.2022<\/p>\n<p><span style=\"color: #ff0000;\"><strong><span style=\"background-color: #ffffff;\">Za zawodnik\u00f3w wycofanych (zakwalifikowanych do OOM), kt\u00f3rzy z r\u00f3\u017cnych przyczyn nie wystartuj\u0105 na OOM 2022 w O\u015bwi\u0119cimiu mog\u0105 jedynie by\u0107 zakwalifikowani do OOM tylko zawodnicy z listy rezerwowej, wed\u0142ug kolejno\u015bci na li\u015bcie rankingowej.<\/span><\/strong><\/span><\/p>\n<p>Wycofanie zawodnika z OOM nale\u017cy zg\u0142asza\u0107 <span style=\"color: #ff0000;\">do dnia 22.06.2022<\/span> na adres: robertbrus@poczta.onet.pl<\/p>\n<p><a href=\"http:\/\/porabik.pl\/komitet\/wp-content\/uploads\/2022\/07\/OOM_2022_MEN.pdf\">lista zawodnik\u00f3w (m\u0119\u017cczyzn) zakwalifikowanych i do OOM 2022<\/a><\/p>\n<p><a href=\"http:\/\/porabik.pl\/komitet\/wp-content\/uploads\/2022\/07\/OOM_2022_KOB.pdf\">lista zawodnik\u00f3w (kobiet) zakwalifikowanych do OOM 2022<\/a><\/p>\n<p><a href=\"http:\/\/porabik.pl\/komitet\/wp-content\/uploads\/2022\/07\/podzia\u0142-wojew\u00f3dzwta-wszyscy-zawodnicy-OOM-2022.pdf\">lista zawodnik\u00f3w zakwalifikowanych oraz na koszt klubu wed\u0142ug wojew\u00f3dztw na OOM<\/a><\/p>\n\n","protected":false},"excerpt":{"rendered":"<p>Kwalifikacje do OOM\u00a0 \u00a0 \u00a0 \u00a0 \u00a0 aktualizacja 28.06.2022 Za zawodnik\u00f3w wycofanych (zakwalifikowanych do OOM), kt\u00f3rzy z r\u00f3\u017cnych przyczyn nie wystartuj\u0105 na OOM 2022 w O\u015bwi\u0119cimiu mog\u0105 jedynie by\u0107 zakwalifikowani do OOM tylko zawodnicy z listy rezerwowej, wed\u0142ug kolejno\u015bci na li\u015bcie rankingowej. Wycofanie zawodnika z OOM nale\u017cy zg\u0142asza\u0107 do dnia 22.06.2022 na adres: robertbrus@poczta.onet.pl lista<a class=\"moretag\" href=\"http:\/\/porabik.pl\/komitet\/?page_id=1308\"><span class=\"screen-reader-text\">Wi\u0119cej oOOM 2022<\/span>[&#8230;]<\/a><\/p>\n","protected":false},"author":1,"featured_media":0,"parent":0,"menu_order":0,"comment_status":"closed","ping_status":"closed","template":"","meta":{"footnotes":""},"class_list":["post-1308","page","type-page","status-publish","hentry"],"_links":{"self":[{"href":"http:\/\/porabik.pl\/komitet\/index.php?rest_route=\/wp\/v2\/pages\/1308","targetHints":{"allow":["GET"]}}],"collection":[{"href":"http:\/\/porabik.pl\/komitet\/index.php?rest_route=\/wp\/v2\/pages"}],"about":[{"href":"http:\/\/porabik.pl\/komitet\/index.php?rest_route=\/wp\/v2\/types\/page"}],"author":[{"embeddable":true,"href":"http:\/\/porabik.pl\/komitet\/index.php?rest_route=\/wp\/v2\/users\/1"}],"replies":[{"embeddable":true,"href":"http:\/\/porabik.pl\/komitet\/index.php?rest_route=%2Fwp%2Fv2%2Fcomments&post=1308"}],"version-history":[{"count":22,"href":"http:\/\/porabik.pl\/komitet\/index.php?rest_route=\/wp\/v2\/pages\/1308\/revisions"}],"predecessor-version":[{"id":2056,"href":"http:\/\/porabik.pl\/komitet\/index.php?rest_route=\/wp\/v2\/pages\/1308\/revisions\/2056"}],"wp:attachment":[{"href":"http:\/\/porabik.pl\/komitet\/index.php?rest_route=%2Fwp%2Fv2%2Fmedia&parent=1308"}],"curies":[{"name":"wp","href":"https:\/\/api.w.org\/{rel}","templated":true}]}}