{"id":1349,"date":"2019-07-03T18:07:47","date_gmt":"2019-07-03T18:07:47","guid":{"rendered":"http:\/\/porabik.pl\/komitet\/?page_id=1349"},"modified":"2019-07-03T18:07:47","modified_gmt":"2019-07-03T18:07:47","slug":"plywalnia-50m-mix-seniorzy-open","status":"publish","type":"page","link":"http:\/\/porabik.pl\/komitet\/?page_id=1349","title":{"rendered":"p\u0142ywalnia 50m &#8211; MIX &#8211; seniorzy OPEN"},"content":{"rendered":"\n<table id=\"tablepress-51\" class=\"tablepress tablepress-id-51\" aria-labelledby=\"tablepress-51-name\">\n<thead>\n<tr class=\"row-1\">\n\t<th class=\"column-1\">DYSTANS\/<br \/>\nSTYL<\/th><th class=\"column-2\">CZAS<\/th><th class=\"column-3\">NAZWISKO I IMI\u0118<\/th><th class=\"column-4\">ROK<br \/>\nURODZENIA<\/th><th class=\"column-5\">KLUB<\/th><th class=\"column-6\">DATA<br \/>\nREKORDU<\/th><th class=\"column-7\">MIEJSCE<br \/>\nREKORDU<\/th>\n<\/tr>\n<\/thead>\n<tbody class=\"row-striping row-hover\">\n<tr class=\"row-2\">\n\t<td class=\"column-1\">Sztafety: KLUBOWE<\/td><td class=\"column-2\">mieszane<\/td><td class=\"column-3\"><\/td><td class=\"column-4\"><\/td><td class=\"column-5\"><\/td><td class=\"column-6\"><\/td><td class=\"column-7\"><\/td>\n<\/tr>\n<tr class=\"row-3\">\n\t<td class=\"column-1\">4x100m<br \/>\ndowolny<\/td><td class=\"column-2\">3:31.33<\/td><td class=\"column-3\">BUGDOL Rafa\u0142<br \/>\nPOPRAWA Micha\u0142<br \/>\nKOSSAKOWSKA Dominika<br \/>\nWASICK Katarzyna<\/td><td class=\"column-4\">1995<br \/>\n1994<br \/>\n2001<br \/>\n1992<\/td><td class=\"column-5\">AZS AWF Katowice<\/td><td class=\"column-6\">17.maj.2019<\/td><td class=\"column-7\">Olsztyn<\/td>\n<\/tr>\n<tr class=\"row-4\">\n\t<td class=\"column-1\">4x100m<br \/>\nzmienny<\/td><td class=\"column-2\">3:48.75<\/td><td class=\"column-3\">MASIUK Ksawery<br \/>\nMAZURKIEWICZ Barbara<br \/>\nJA\u015aKIEWICZ Adrian<br \/>\nPOLA\u0143SKA Aleksandra<\/td><td class=\"column-4\">2004<br \/>\n2001<br \/>\n2002<br \/>\n2000<\/td><td class=\"column-5\">KU AZS Uniwersytet Warszawski<\/td><td class=\"column-6\">30.kwi.2025<\/td><td class=\"column-7\">Lublin<\/td>\n<\/tr>\n<tr class=\"row-5\">\n\t<td class=\"column-1\">Sztafety: REPREZENTACJI<\/td><td class=\"column-2\">mieszane<\/td><td class=\"column-3\"><\/td><td class=\"column-4\"><\/td><td class=\"column-5\"><\/td><td class=\"column-6\"><\/td><td class=\"column-7\"><\/td>\n<\/tr>\n<tr class=\"row-6\">\n\t<td class=\"column-1\">4x100m dowolny<\/td><td class=\"column-2\">3:25.29<\/td><td class=\"column-3\">KRASKA Jakub<br \/>\nMAJCHRZAK Kacper<br \/>\nTCH\u00d3RZ Alicja<br \/>\nWASICK Katarzyna<\/td><td class=\"column-4\">2000<br \/>\n1993<br \/>\n1992<br \/>\n1992<\/td><td class=\"column-5\">AZS \u0141\u00f3d\u017a<br \/>\nKS Warta Pozna\u0144<br \/>\nMKS Juvenia Wroc\u0142aw<br \/>\nAZS AWF Katowice<\/td><td class=\"column-6\">22.maj.2021<\/td><td class=\"column-7\">Budapeszt (HUN)<\/td>\n<\/tr>\n<tr class=\"row-7\">\n\t<td class=\"column-1\">4x100m zmienny<\/td><td class=\"column-2\">3:44.22<\/td><td class=\"column-3\">MASIUK Ksawer<br \/>\nMAJERSKI Jakub<br \/>\nSZTANDERA Dominika<br \/>\nWASICK Katarzyna<\/td><td class=\"column-4\">2004<br \/>\n1997<br \/>\n2000<br \/>\n1992<br \/>\n<\/td><td class=\"column-5\">KU AZS Uniwersytet Warszawaski<br \/>\nMKS Juvenia Wroc\u0142aw<br \/>\nAZS AWF Katowice<br \/>\nAZS AWF Katowice<\/td><td class=\"column-6\">30.lip.2025<\/td><td class=\"column-7\">Singapur (SIN)<\/td>\n<\/tr>\n<tr class=\"row-8\">\n\t<td class=\"column-1\">4x200m dowolnym<\/td><td class=\"column-2\">7:35.08<\/td><td class=\"column-3\">PISZCZOROWICZ Bartosz<br \/>\nSIERADZKI Kamil<br \/>\nGU\u015a\u0106 Wiktoria<br \/>\nFAMULOK Zuzanna<\/td><td class=\"column-4\">1999<br \/>\n2002<br \/>\n2004<br \/>\n2003<br \/>\n<\/td><td class=\"column-5\">AZS UMCS Lublin<br \/>\nAZS AWF Katowice<br \/>\nMKP Szczecin<br \/>\nAZS AWF Katowice<\/td><td class=\"column-6\">22.cze.2024<\/td><td class=\"column-7\">Belgrad SRB<\/td>\n<\/tr>\n<\/tbody>\n<\/table>\n<h2 id=\"tablepress-51-name\" class=\"tablepress-table-name tablepress-table-name-id-51\">p\u0142ywalnia 50m - MIX - OPEN<\/h2>\n<!-- #tablepress-51 from cache -->\n","protected":false},"excerpt":{"rendered":"","protected":false},"author":1,"featured_media":0,"parent":0,"menu_order":0,"comment_status":"closed","ping_status":"closed","template":"","meta":{"footnotes":""},"class_list":["post-1349","page","type-page","status-publish","hentry"],"_links":{"self":[{"href":"http:\/\/porabik.pl\/komitet\/index.php?rest_route=\/wp\/v2\/pages\/1349","targetHints":{"allow":["GET"]}}],"collection":[{"href":"http:\/\/porabik.pl\/komitet\/index.php?rest_route=\/wp\/v2\/pages"}],"about":[{"href":"http:\/\/porabik.pl\/komitet\/index.php?rest_route=\/wp\/v2\/types\/page"}],"author":[{"embeddable":true,"href":"http:\/\/porabik.pl\/komitet\/index.php?rest_route=\/wp\/v2\/users\/1"}],"replies":[{"embeddable":true,"href":"http:\/\/porabik.pl\/komitet\/index.php?rest_route=%2Fwp%2Fv2%2Fcomments&post=1349"}],"version-history":[{"count":1,"href":"http:\/\/porabik.pl\/komitet\/index.php?rest_route=\/wp\/v2\/pages\/1349\/revisions"}],"predecessor-version":[{"id":1356,"href":"http:\/\/porabik.pl\/komitet\/index.php?rest_route=\/wp\/v2\/pages\/1349\/revisions\/1356"}],"wp:attachment":[{"href":"http:\/\/porabik.pl\/komitet\/index.php?rest_route=%2Fwp%2Fv2%2Fmedia&parent=1349"}],"curies":[{"name":"wp","href":"https:\/\/api.w.org\/{rel}","templated":true}]}}