{"id":484,"date":"2017-03-01T18:08:04","date_gmt":"2017-03-01T18:08:04","guid":{"rendered":"http:\/\/porabik.pl\/komitet\/?page_id=484"},"modified":"2017-03-01T18:08:04","modified_gmt":"2017-03-01T18:08:04","slug":"plywalnia-25m-mix-mlodziezowcy-19-23-lata","status":"publish","type":"page","link":"http:\/\/porabik.pl\/komitet\/?page_id=484","title":{"rendered":"p\u0142ywalnia 25m &#8211; MIX &#8211; M\u0141ODZIE\u017bOWCY 19-23 LATA"},"content":{"rendered":"\n<table id=\"tablepress-43\" class=\"tablepress tablepress-id-43\" aria-labelledby=\"tablepress-43-name\">\n<thead>\n<tr class=\"row-1\">\n\t<th class=\"column-1\">DYSTANS\/<br \/>\nSTYL<\/th><th class=\"column-2\">CZAS<\/th><th class=\"column-3\">NAZWISKO I IMI\u0118<\/th><th class=\"column-4\">ROK<br \/>\nURODZENIA<\/th><th class=\"column-5\">KLUB<\/th><th class=\"column-6\">DATA<br \/>\nREKORDU<\/th><th class=\"column-7\">MIEJSCE<br \/>\nREKORDU<\/th>\n<\/tr>\n<\/thead>\n<tbody class=\"row-striping row-hover\">\n<tr class=\"row-2\">\n\t<td class=\"column-1\">Sztafety: KLUBOWE<\/td><td class=\"column-2\">mieszane<\/td><td class=\"column-3\"><\/td><td class=\"column-4\"><\/td><td class=\"column-5\"><\/td><td class=\"column-6\"><\/td><td class=\"column-7\"><\/td>\n<\/tr>\n<tr class=\"row-3\">\n\t<td class=\"column-1\">4x50m<br \/>\ndowolny<\/td><td class=\"column-2\">1:34.15<\/td><td class=\"column-3\">G\u00d3RKA Oliwier<br \/>\nMASIUK Ksawery<br \/>\nBERNAT Laura<br \/>\nJAB\u0141O\u0143SKA Martyna<\/td><td class=\"column-4\">2005<br \/>\n2004<br \/>\n2005<br \/>\n2003<\/td><td class=\"column-5\">KU AZS UW Warszawa<\/td><td class=\"column-6\">21.gru.2024<\/td><td class=\"column-7\">Bydgoszcz<\/td>\n<\/tr>\n<tr class=\"row-4\">\n\t<td class=\"column-1\">4x50m<br \/>\nzmienny<\/td><td class=\"column-2\">1:42.40<\/td><td class=\"column-3\">RADZISZEWSKI Krzysztof<br \/>\nMAZURKIEWICZ Barbara<br \/>\nMASIUK Ksawery<br \/>\nBERNAT Laura<\/td><td class=\"column-4\">2002<br \/>\n2001<br \/>\n2004<br \/>\n2005<\/td><td class=\"column-5\">KUAZS UW Warszawa<\/td><td class=\"column-6\">20.gru.2024<\/td><td class=\"column-7\">Bydgoszcz<\/td>\n<\/tr>\n<\/tbody>\n<\/table>\n<h2 id=\"tablepress-43-name\" class=\"tablepress-table-name tablepress-table-name-id-43\">p\u0142ywalnia 25m - MIX - M\u0141ODZIE\u017bOWCY 19-23 LATA<\/h2>\n<!-- #tablepress-43 from cache -->\n","protected":false},"excerpt":{"rendered":"","protected":false},"author":1,"featured_media":0,"parent":0,"menu_order":0,"comment_status":"closed","ping_status":"closed","template":"","meta":{"footnotes":""},"class_list":["post-484","page","type-page","status-publish","hentry"],"_links":{"self":[{"href":"http:\/\/porabik.pl\/komitet\/index.php?rest_route=\/wp\/v2\/pages\/484","targetHints":{"allow":["GET"]}}],"collection":[{"href":"http:\/\/porabik.pl\/komitet\/index.php?rest_route=\/wp\/v2\/pages"}],"about":[{"href":"http:\/\/porabik.pl\/komitet\/index.php?rest_route=\/wp\/v2\/types\/page"}],"author":[{"embeddable":true,"href":"http:\/\/porabik.pl\/komitet\/index.php?rest_route=\/wp\/v2\/users\/1"}],"replies":[{"embeddable":true,"href":"http:\/\/porabik.pl\/komitet\/index.php?rest_route=%2Fwp%2Fv2%2Fcomments&post=484"}],"version-history":[{"count":1,"href":"http:\/\/porabik.pl\/komitet\/index.php?rest_route=\/wp\/v2\/pages\/484\/revisions"}],"predecessor-version":[{"id":485,"href":"http:\/\/porabik.pl\/komitet\/index.php?rest_route=\/wp\/v2\/pages\/484\/revisions\/485"}],"wp:attachment":[{"href":"http:\/\/porabik.pl\/komitet\/index.php?rest_route=%2Fwp%2Fv2%2Fmedia&parent=484"}],"curies":[{"name":"wp","href":"https:\/\/api.w.org\/{rel}","templated":true}]}}